{"id":37,"date":"2016-04-02T19:57:42","date_gmt":"2016-04-02T19:57:42","guid":{"rendered":"http:\/\/www.studiograf.home.pl\/zabcia4\/?page_id=37"},"modified":"2025-08-19T10:49:39","modified_gmt":"2025-08-19T10:49:39","slug":"asenizacja","status":"publish","type":"page","link":"https:\/\/www.zabcia.com.pl\/?page_id=37","title":{"rendered":"Asenizacja"},"content":{"rendered":"<p><img loading=\"lazy\" class=\"alignnone size-full wp-image-101\" src=\"http:\/\/www.studiograf.home.pl\/zabcia4\/wp-content\/uploads\/2016\/04\/wew-11.jpg\" alt=\"wew-11\" width=\"1500\" height=\"994\" srcset=\"https:\/\/www.zabcia.com.pl\/wp-content\/uploads\/2016\/04\/wew-11.jpg 1500w, https:\/\/www.zabcia.com.pl\/wp-content\/uploads\/2016\/04\/wew-11-300x199.jpg 300w, https:\/\/www.zabcia.com.pl\/wp-content\/uploads\/2016\/04\/wew-11-768x509.jpg 768w, https:\/\/www.zabcia.com.pl\/wp-content\/uploads\/2016\/04\/wew-11-1024x679.jpg 1024w\" sizes=\"(max-width: 1500px) 100vw, 1500px\" \/><\/p>\n<p>Czy s\u0105 Pa\u0144stwo zainteresowani us\u0142ugami, gdzie bardzo wa\u017cna jest szybko\u015b\u0107, dok\u0142adno\u015b\u0107, precyzja dzia\u0142ania, profesjonalny sprz\u0119t oraz do\u015bwiadczenie wykwalifikowanej kadry pracownik\u00f3w? Je\u015bli tak, to zach\u0119camy do skorzystania z pomocy firmy \u017babcia, kt\u00f3ra ju\u017c od wielu lat prowadzi r\u00f3\u017cnego typu prace porz\u0105dkowe w Krakowie oraz w innych miastach naszego regionu.<\/p>\n<p>Us\u0142ugi asenizacyjne kierujemy do ma\u0142ych i du\u017cych firm oraz os\u00f3b prywatnych. Odbieramy i wywozimy nieczysto\u015bci sta\u0142e oraz p\u0142ynne pozyskiwane z wszelkiego rodzaju zbiornik\u00f3w. Przyjmujemy jednorazowe zlecenia oraz jeste\u015bmy gotowi podj\u0105\u0107 sta\u0142\u0105, d\u0142ugoterminow\u0105 wsp\u00f3\u0142prac\u0119 z firmami, jak i osobami prywatnymi, dla kt\u00f3rych wa\u017cne jest fachowe podej\u015bcie.<\/p>\n<p>Dzi\u0119ki zastosowaniu specjalistycznego sprz\u0119tu, asenizacja przebiega sprawnie i bezpiecznie. Nie ma ryzyka, \u017ce odpady wydobywane z r\u00f3\u017cnego typu zbiornik\u00f3w zanieczyszcz\u0105 teren, na kt\u00f3rym ww. czynno\u015bci wykonuj\u0105 nasi do\u015bwiadczeni pracownicy. Us\u0142ugi asenizacyjne s\u0105 wskazane r\u00f3wnie\u017c wtedy, kiedy konieczne okazuje si\u0119 by\u0107 udro\u017cnienie czy te\u017c oczyszczenie systemu kanalizacyjnego.<\/p>\n<p>Posiadamy samochody asenizacyjne o pojemno\u015bciach 10, 12, 17 m3<\/p>\n<p>Zapewniamy wysok\u0105 jako\u015b\u0107 us\u0142ug, dogodne terminy realizacji zlece\u0144, kt\u00f3re nie koliduj\u0105 z prac\u0105 przedsi\u0119biorstwa oraz konkurencyjny cennik.<\/p>\n<p>Zapraszamy do kontaktu telefonicznego lub mailowego w celu ustalenia szczeg\u00f3\u0142\u00f3w us\u0142ug asenizacyjnych prowadzonych na terenach prywatnych oraz firmowych posesjach. Ch\u0119tnie odpowiemy na Pa\u0144stwa pytania.<\/p>\n<p>&nbsp;<\/p>\n","protected":false},"excerpt":{"rendered":"<p>Czy s\u0105 Pa\u0144stwo zainteresowani us\u0142ugami, gdzie bardzo wa\u017cna jest szybko\u015b\u0107, dok\u0142adno\u015b\u0107, precyzja dzia\u0142ania, profesjonalny sprz\u0119t oraz do\u015bwiadczenie wykwalifikowanej kadry pracownik\u00f3w? Je\u015bli tak, to zach\u0119camy do skorzystania z pomocy firmy \u017babcia, kt\u00f3ra ju\u017c od wielu lat prowadzi r\u00f3\u017cnego typu prace porz\u0105dkowe w Krakowie oraz w innych miastach naszego regionu. Us\u0142ugi asenizacyjne kierujemy do ma\u0142ych i du\u017cych [&hellip;]<\/p>\n","protected":false},"author":1,"featured_media":0,"parent":0,"menu_order":0,"comment_status":"closed","ping_status":"closed","template":"page-templates\/full-width.php","meta":[],"yoast_head":"<!-- This site is optimized with the Yoast SEO plugin v17.5 - https:\/\/yoast.com\/wordpress\/plugins\/seo\/ -->\n<title>Wyw\u00f3z szamba, \u015bciek\u00f3w, asenizacja, Wieliczka, Niepo\u0142omice, Gd\u00f3w - \u017babcia<\/title>\n<meta name=\"description\" content=\"Wyw\u00f3z nieczysto\u015bci p\u0142ynnych krak\u00f3w, czyszczenie kanalizacji Wieliczka, Wyw\u00f3z szamba gmina Krak\u00f3w, udra\u017cnianie kanalizacji Niepo\u0142omice, kontenerowy wyw\u00f3z gruzu, koparka Krak\u00f3w, Wieliczka, Niepo\u0142omice, Gd\u00f3w, wyw\u00f3z ziemi, wyw\u00f3z odpad\u00f3w pobudowlanych, wyw\u00f3z trawy, koparka, prace ziemne, roboty ziemne, transport ziemi, transport kruszywa, szambo, asenizacja\" \/>\n<meta name=\"robots\" content=\"index, follow, max-snippet:-1, max-image-preview:large, max-video-preview:-1\" \/>\n<link rel=\"canonical\" href=\"https:\/\/www.zabcia.com.pl\/?page_id=37\" \/>\n<meta property=\"og:locale\" content=\"pl_PL\" \/>\n<meta property=\"og:type\" content=\"article\" \/>\n<meta property=\"og:title\" content=\"Wyw\u00f3z szamba, \u015bciek\u00f3w, asenizacja, Wieliczka, Niepo\u0142omice, Gd\u00f3w - \u017babcia\" \/>\n<meta property=\"og:description\" content=\"Wyw\u00f3z nieczysto\u015bci p\u0142ynnych krak\u00f3w, czyszczenie kanalizacji Wieliczka, Wyw\u00f3z szamba gmina Krak\u00f3w, udra\u017cnianie kanalizacji Niepo\u0142omice, kontenerowy wyw\u00f3z gruzu, koparka Krak\u00f3w, Wieliczka, Niepo\u0142omice, Gd\u00f3w, wyw\u00f3z ziemi, wyw\u00f3z odpad\u00f3w pobudowlanych, wyw\u00f3z trawy, koparka, prace ziemne, roboty ziemne, transport ziemi, transport kruszywa, szambo, asenizacja\" \/>\n<meta property=\"og:url\" content=\"https:\/\/www.zabcia.com.pl\/?page_id=37\" \/>\n<meta property=\"og:site_name\" content=\"Zabcia\" \/>\n<meta property=\"article:modified_time\" content=\"2025-08-19T10:49:39+00:00\" \/>\n<meta property=\"og:image\" content=\"http:\/\/www.studiograf.home.pl\/zabcia4\/wp-content\/uploads\/2016\/04\/wew-11.jpg\" \/>\n<meta name=\"twitter:card\" content=\"summary\" \/>\n<meta name=\"twitter:label1\" content=\"Szacowany czas czytania\" \/>\n\t<meta name=\"twitter:data1\" content=\"2 minuty\" \/>\n<script type=\"application\/ld+json\" class=\"yoast-schema-graph\">{\"@context\":\"https:\/\/schema.org\",\"@graph\":[{\"@type\":\"WebSite\",\"@id\":\"http:\/\/www.zabcia.com.pl\/#website\",\"url\":\"http:\/\/www.zabcia.com.pl\/\",\"name\":\"Zabcia\",\"description\":\"\",\"potentialAction\":[{\"@type\":\"SearchAction\",\"target\":{\"@type\":\"EntryPoint\",\"urlTemplate\":\"http:\/\/www.zabcia.com.pl\/?s={search_term_string}\"},\"query-input\":\"required name=search_term_string\"}],\"inLanguage\":\"pl-PL\"},{\"@type\":\"ImageObject\",\"@id\":\"https:\/\/www.zabcia.com.pl\/?page_id=37#primaryimage\",\"inLanguage\":\"pl-PL\",\"url\":\"http:\/\/www.studiograf.home.pl\/zabcia4\/wp-content\/uploads\/2016\/04\/wew-11.jpg\",\"contentUrl\":\"http:\/\/www.studiograf.home.pl\/zabcia4\/wp-content\/uploads\/2016\/04\/wew-11.jpg\"},{\"@type\":\"WebPage\",\"@id\":\"https:\/\/www.zabcia.com.pl\/?page_id=37#webpage\",\"url\":\"https:\/\/www.zabcia.com.pl\/?page_id=37\",\"name\":\"Wyw\\u00f3z szamba, \\u015bciek\\u00f3w, asenizacja, Wieliczka, Niepo\\u0142omice, Gd\\u00f3w - \\u017babcia\",\"isPartOf\":{\"@id\":\"http:\/\/www.zabcia.com.pl\/#website\"},\"primaryImageOfPage\":{\"@id\":\"https:\/\/www.zabcia.com.pl\/?page_id=37#primaryimage\"},\"datePublished\":\"2016-04-02T19:57:42+00:00\",\"dateModified\":\"2025-08-19T10:49:39+00:00\",\"description\":\"Wyw\\u00f3z nieczysto\\u015bci p\\u0142ynnych krak\\u00f3w, czyszczenie kanalizacji Wieliczka, Wyw\\u00f3z szamba gmina Krak\\u00f3w, udra\\u017cnianie kanalizacji Niepo\\u0142omice, kontenerowy wyw\\u00f3z gruzu, koparka Krak\\u00f3w, Wieliczka, Niepo\\u0142omice, Gd\\u00f3w, wyw\\u00f3z ziemi, wyw\\u00f3z odpad\\u00f3w pobudowlanych, wyw\\u00f3z trawy, koparka, prace ziemne, roboty ziemne, transport ziemi, transport kruszywa, szambo, asenizacja\",\"breadcrumb\":{\"@id\":\"https:\/\/www.zabcia.com.pl\/?page_id=37#breadcrumb\"},\"inLanguage\":\"pl-PL\",\"potentialAction\":[{\"@type\":\"ReadAction\",\"target\":[\"https:\/\/www.zabcia.com.pl\/?page_id=37\"]}]},{\"@type\":\"BreadcrumbList\",\"@id\":\"https:\/\/www.zabcia.com.pl\/?page_id=37#breadcrumb\",\"itemListElement\":[{\"@type\":\"ListItem\",\"position\":1,\"name\":\"Strona g\\u0142\\u00f3wna\",\"item\":\"http:\/\/www.zabcia.com.pl\/\"},{\"@type\":\"ListItem\",\"position\":2,\"name\":\"Asenizacja\"}]}]}<\/script>\n<!-- \/ Yoast SEO plugin. -->","yoast_head_json":{"title":"Wyw\u00f3z szamba, \u015bciek\u00f3w, asenizacja, Wieliczka, Niepo\u0142omice, Gd\u00f3w - \u017babcia","description":"Wyw\u00f3z nieczysto\u015bci p\u0142ynnych krak\u00f3w, czyszczenie kanalizacji Wieliczka, Wyw\u00f3z szamba gmina Krak\u00f3w, udra\u017cnianie kanalizacji Niepo\u0142omice, kontenerowy wyw\u00f3z gruzu, koparka Krak\u00f3w, Wieliczka, Niepo\u0142omice, Gd\u00f3w, wyw\u00f3z ziemi, wyw\u00f3z odpad\u00f3w pobudowlanych, wyw\u00f3z trawy, koparka, prace ziemne, roboty ziemne, transport ziemi, transport kruszywa, szambo, asenizacja","robots":{"index":"index","follow":"follow","max-snippet":"max-snippet:-1","max-image-preview":"max-image-preview:large","max-video-preview":"max-video-preview:-1"},"canonical":"https:\/\/www.zabcia.com.pl\/?page_id=37","og_locale":"pl_PL","og_type":"article","og_title":"Wyw\u00f3z szamba, \u015bciek\u00f3w, asenizacja, Wieliczka, Niepo\u0142omice, Gd\u00f3w - \u017babcia","og_description":"Wyw\u00f3z nieczysto\u015bci p\u0142ynnych krak\u00f3w, czyszczenie kanalizacji Wieliczka, Wyw\u00f3z szamba gmina Krak\u00f3w, udra\u017cnianie kanalizacji Niepo\u0142omice, kontenerowy wyw\u00f3z gruzu, koparka Krak\u00f3w, Wieliczka, Niepo\u0142omice, Gd\u00f3w, wyw\u00f3z ziemi, wyw\u00f3z odpad\u00f3w pobudowlanych, wyw\u00f3z trawy, koparka, prace ziemne, roboty ziemne, transport ziemi, transport kruszywa, szambo, asenizacja","og_url":"https:\/\/www.zabcia.com.pl\/?page_id=37","og_site_name":"Zabcia","article_modified_time":"2025-08-19T10:49:39+00:00","og_image":[{"url":"http:\/\/www.studiograf.home.pl\/zabcia4\/wp-content\/uploads\/2016\/04\/wew-11.jpg"}],"twitter_card":"summary","twitter_misc":{"Szacowany czas czytania":"2 minuty"},"schema":{"@context":"https:\/\/schema.org","@graph":[{"@type":"WebSite","@id":"http:\/\/www.zabcia.com.pl\/#website","url":"http:\/\/www.zabcia.com.pl\/","name":"Zabcia","description":"","potentialAction":[{"@type":"SearchAction","target":{"@type":"EntryPoint","urlTemplate":"http:\/\/www.zabcia.com.pl\/?s={search_term_string}"},"query-input":"required name=search_term_string"}],"inLanguage":"pl-PL"},{"@type":"ImageObject","@id":"https:\/\/www.zabcia.com.pl\/?page_id=37#primaryimage","inLanguage":"pl-PL","url":"http:\/\/www.studiograf.home.pl\/zabcia4\/wp-content\/uploads\/2016\/04\/wew-11.jpg","contentUrl":"http:\/\/www.studiograf.home.pl\/zabcia4\/wp-content\/uploads\/2016\/04\/wew-11.jpg"},{"@type":"WebPage","@id":"https:\/\/www.zabcia.com.pl\/?page_id=37#webpage","url":"https:\/\/www.zabcia.com.pl\/?page_id=37","name":"Wyw\u00f3z szamba, \u015bciek\u00f3w, asenizacja, Wieliczka, Niepo\u0142omice, Gd\u00f3w - \u017babcia","isPartOf":{"@id":"http:\/\/www.zabcia.com.pl\/#website"},"primaryImageOfPage":{"@id":"https:\/\/www.zabcia.com.pl\/?page_id=37#primaryimage"},"datePublished":"2016-04-02T19:57:42+00:00","dateModified":"2025-08-19T10:49:39+00:00","description":"Wyw\u00f3z nieczysto\u015bci p\u0142ynnych krak\u00f3w, czyszczenie kanalizacji Wieliczka, Wyw\u00f3z szamba gmina Krak\u00f3w, udra\u017cnianie kanalizacji Niepo\u0142omice, kontenerowy wyw\u00f3z gruzu, koparka Krak\u00f3w, Wieliczka, Niepo\u0142omice, Gd\u00f3w, wyw\u00f3z ziemi, wyw\u00f3z odpad\u00f3w pobudowlanych, wyw\u00f3z trawy, koparka, prace ziemne, roboty ziemne, transport ziemi, transport kruszywa, szambo, asenizacja","breadcrumb":{"@id":"https:\/\/www.zabcia.com.pl\/?page_id=37#breadcrumb"},"inLanguage":"pl-PL","potentialAction":[{"@type":"ReadAction","target":["https:\/\/www.zabcia.com.pl\/?page_id=37"]}]},{"@type":"BreadcrumbList","@id":"https:\/\/www.zabcia.com.pl\/?page_id=37#breadcrumb","itemListElement":[{"@type":"ListItem","position":1,"name":"Strona g\u0142\u00f3wna","item":"http:\/\/www.zabcia.com.pl\/"},{"@type":"ListItem","position":2,"name":"Asenizacja"}]}]}},"_links":{"self":[{"href":"https:\/\/www.zabcia.com.pl\/index.php?rest_route=\/wp\/v2\/pages\/37"}],"collection":[{"href":"https:\/\/www.zabcia.com.pl\/index.php?rest_route=\/wp\/v2\/pages"}],"about":[{"href":"https:\/\/www.zabcia.com.pl\/index.php?rest_route=\/wp\/v2\/types\/page"}],"author":[{"embeddable":true,"href":"https:\/\/www.zabcia.com.pl\/index.php?rest_route=\/wp\/v2\/users\/1"}],"replies":[{"embeddable":true,"href":"https:\/\/www.zabcia.com.pl\/index.php?rest_route=%2Fwp%2Fv2%2Fcomments&post=37"}],"version-history":[{"count":8,"href":"https:\/\/www.zabcia.com.pl\/index.php?rest_route=\/wp\/v2\/pages\/37\/revisions"}],"predecessor-version":[{"id":207,"href":"https:\/\/www.zabcia.com.pl\/index.php?rest_route=\/wp\/v2\/pages\/37\/revisions\/207"}],"wp:attachment":[{"href":"https:\/\/www.zabcia.com.pl\/index.php?rest_route=%2Fwp%2Fv2%2Fmedia&parent=37"}],"curies":[{"name":"wp","href":"https:\/\/api.w.org\/{rel}","templated":true}]}}