{"id":26,"date":"2016-04-02T15:26:52","date_gmt":"2016-04-02T15:26:52","guid":{"rendered":"http:\/\/www.studiograf.home.pl\/zabcia4\/?page_id=26"},"modified":"2016-04-21T20:44:37","modified_gmt":"2016-04-21T20:44:37","slug":"przewozy-widlakiem","status":"publish","type":"page","link":"https:\/\/www.zabcia.com.pl\/?page_id=26","title":{"rendered":"Kontenerowy wyw\u00f3z odpad\u00f3w"},"content":{"rendered":"<p><img loading=\"lazy\" class=\"alignnone size-full wp-image-103\" src=\"http:\/\/www.studiograf.home.pl\/zabcia4\/wp-content\/uploads\/2016\/04\/wew-12.jpg\" alt=\"wew-12\" width=\"1500\" height=\"994\" srcset=\"https:\/\/www.zabcia.com.pl\/wp-content\/uploads\/2016\/04\/wew-12.jpg 1500w, https:\/\/www.zabcia.com.pl\/wp-content\/uploads\/2016\/04\/wew-12-300x199.jpg 300w, https:\/\/www.zabcia.com.pl\/wp-content\/uploads\/2016\/04\/wew-12-768x509.jpg 768w, https:\/\/www.zabcia.com.pl\/wp-content\/uploads\/2016\/04\/wew-12-1024x679.jpg 1024w\" sizes=\"(max-width: 1500px) 100vw, 1500px\" \/><\/p>\n<p>Dzi\u0119ki wieloletniemu do\u015bwiadczeniu mo\u017cesz by\u0107 pewien, \u017ce zagwarantujemy profesjonalny i szybki wyw\u00f3z odpad\u00f3w, zachowuj\u0105c przy tym jak najatrakcyjniejsze ceny. Wsp\u00f3\u0142pracuj\u0105c z nami, mo\u017cesz by\u0107 pewien, \u017ce wyw\u00f3z \u015bmieci i odpad\u00f3w b\u0119dzie szybki i prosty. Nasza firma u\u017cywa do tego celu specjalistycznych kontener\u00f3w i samochod\u00f3w, przystosowanych do wywozu tego typu materia\u0142\u00f3w.<\/p>\n<p>Cennik us\u0142ug wywozu \u015bmieci i odpad\u00f3w przygotowali\u015bmy w taki spos\u00f3b, aby oferowa\u0107 za jak najni\u017csz\u0105 cen\u0119 us\u0142ugi o wysokiej jako\u015bci. Bardzo du\u017c\u0105 wag\u0119 przyk\u0142adamy do oczekiwa\u0144 i potrzeb naszych klient\u00f3w, staraj\u0105c si\u0119 prze\u0142o\u017cy\u0107 je na rozw\u00f3j i ulepszanie dzia\u0142ania ca\u0142ej firmy. Wyw\u00f3z odpad\u00f3w przebiega z zachowaniem wszelkich norm i standard\u00f3w bezpiecznych i korzystnych dla \u015brodowiska naturalnego. Do\u015bwiadczenie nabywane przez lata pozwala nam profesjonalnie podchodzi\u0107 do ka\u017cdego zlecenia oraz zachowywa\u0107 wysok\u0105 terminowo\u015b\u0107 zada\u0144.<\/p>\n","protected":false},"excerpt":{"rendered":"<p>Dzi\u0119ki wieloletniemu do\u015bwiadczeniu mo\u017cesz by\u0107 pewien, \u017ce zagwarantujemy profesjonalny i szybki wyw\u00f3z odpad\u00f3w, zachowuj\u0105c przy tym jak najatrakcyjniejsze ceny. Wsp\u00f3\u0142pracuj\u0105c z nami, mo\u017cesz by\u0107 pewien, \u017ce wyw\u00f3z \u015bmieci i odpad\u00f3w b\u0119dzie szybki i prosty. Nasza firma u\u017cywa do tego celu specjalistycznych kontener\u00f3w i samochod\u00f3w, przystosowanych do wywozu tego typu materia\u0142\u00f3w. Cennik us\u0142ug wywozu \u015bmieci i [&hellip;]<\/p>\n","protected":false},"author":1,"featured_media":0,"parent":0,"menu_order":0,"comment_status":"closed","ping_status":"closed","template":"page-templates\/full-width.php","meta":[],"yoast_head":"<!-- This site is optimized with the Yoast SEO plugin v17.5 - https:\/\/yoast.com\/wordpress\/plugins\/seo\/ -->\n<title>Wyw\u00f3z gruzu, szamba, \u015bciek\u00f3w, \u015bmieci, asenizacja Krak\u00f3w, Wieliczka, Niepo\u0142omice, Gd\u00f3w - \u017babcia<\/title>\n<meta name=\"description\" content=\"Wyw\u00f3z nieczysto\u015bci p\u0142ynnych krak\u00f3w, czyszczenie kanalizacji Wieliczka, Wyw\u00f3z szamba gmina Krak\u00f3w, udra\u017cnianie kanalizacji Niepo\u0142omice, kontenerowy wyw\u00f3z gruzu, koparka Krak\u00f3w, Wieliczka, Niepo\u0142omice, Gd\u00f3w, wyw\u00f3z ziemi, wyw\u00f3z odpad\u00f3w pobudowlanych, wyw\u00f3z trawy, koparka, prace ziemne, roboty ziemne, transport ziemi, transport kruszywa, szambo, asenizacja\" \/>\n<meta name=\"robots\" content=\"index, follow, max-snippet:-1, max-image-preview:large, max-video-preview:-1\" \/>\n<link rel=\"canonical\" href=\"http:\/\/www.zabcia.com.pl\/?page_id=26\" \/>\n<meta property=\"og:locale\" content=\"pl_PL\" \/>\n<meta property=\"og:type\" content=\"article\" \/>\n<meta property=\"og:title\" content=\"Wyw\u00f3z gruzu, szamba, \u015bciek\u00f3w, \u015bmieci, asenizacja Krak\u00f3w, Wieliczka, Niepo\u0142omice, Gd\u00f3w - \u017babcia\" \/>\n<meta property=\"og:description\" content=\"Wyw\u00f3z nieczysto\u015bci p\u0142ynnych krak\u00f3w, czyszczenie kanalizacji Wieliczka, Wyw\u00f3z szamba gmina Krak\u00f3w, udra\u017cnianie kanalizacji Niepo\u0142omice, kontenerowy wyw\u00f3z gruzu, koparka Krak\u00f3w, Wieliczka, Niepo\u0142omice, Gd\u00f3w, wyw\u00f3z ziemi, wyw\u00f3z odpad\u00f3w pobudowlanych, wyw\u00f3z trawy, koparka, prace ziemne, roboty ziemne, transport ziemi, transport kruszywa, szambo, asenizacja\" \/>\n<meta property=\"og:url\" content=\"http:\/\/www.zabcia.com.pl\/?page_id=26\" \/>\n<meta property=\"og:site_name\" content=\"Zabcia\" \/>\n<meta property=\"article:modified_time\" content=\"2016-04-21T20:44:37+00:00\" \/>\n<meta property=\"og:image\" content=\"http:\/\/www.studiograf.home.pl\/zabcia4\/wp-content\/uploads\/2016\/04\/wew-12.jpg\" \/>\n<meta name=\"twitter:card\" content=\"summary\" \/>\n<meta name=\"twitter:label1\" content=\"Szacowany czas czytania\" \/>\n\t<meta name=\"twitter:data1\" content=\"1 minuta\" \/>\n<script type=\"application\/ld+json\" class=\"yoast-schema-graph\">{\"@context\":\"https:\/\/schema.org\",\"@graph\":[{\"@type\":\"WebSite\",\"@id\":\"http:\/\/www.zabcia.com.pl\/#website\",\"url\":\"http:\/\/www.zabcia.com.pl\/\",\"name\":\"Zabcia\",\"description\":\"\",\"potentialAction\":[{\"@type\":\"SearchAction\",\"target\":{\"@type\":\"EntryPoint\",\"urlTemplate\":\"http:\/\/www.zabcia.com.pl\/?s={search_term_string}\"},\"query-input\":\"required name=search_term_string\"}],\"inLanguage\":\"pl-PL\"},{\"@type\":\"ImageObject\",\"@id\":\"http:\/\/www.zabcia.com.pl\/?page_id=26#primaryimage\",\"inLanguage\":\"pl-PL\",\"url\":\"http:\/\/www.studiograf.home.pl\/zabcia4\/wp-content\/uploads\/2016\/04\/wew-12.jpg\",\"contentUrl\":\"http:\/\/www.studiograf.home.pl\/zabcia4\/wp-content\/uploads\/2016\/04\/wew-12.jpg\"},{\"@type\":\"WebPage\",\"@id\":\"http:\/\/www.zabcia.com.pl\/?page_id=26#webpage\",\"url\":\"http:\/\/www.zabcia.com.pl\/?page_id=26\",\"name\":\"Wyw\\u00f3z gruzu, szamba, \\u015bciek\\u00f3w, \\u015bmieci, asenizacja Krak\\u00f3w, Wieliczka, Niepo\\u0142omice, Gd\\u00f3w - \\u017babcia\",\"isPartOf\":{\"@id\":\"http:\/\/www.zabcia.com.pl\/#website\"},\"primaryImageOfPage\":{\"@id\":\"http:\/\/www.zabcia.com.pl\/?page_id=26#primaryimage\"},\"datePublished\":\"2016-04-02T15:26:52+00:00\",\"dateModified\":\"2016-04-21T20:44:37+00:00\",\"description\":\"Wyw\\u00f3z nieczysto\\u015bci p\\u0142ynnych krak\\u00f3w, czyszczenie kanalizacji Wieliczka, Wyw\\u00f3z szamba gmina Krak\\u00f3w, udra\\u017cnianie kanalizacji Niepo\\u0142omice, kontenerowy wyw\\u00f3z gruzu, koparka Krak\\u00f3w, Wieliczka, Niepo\\u0142omice, Gd\\u00f3w, wyw\\u00f3z ziemi, wyw\\u00f3z odpad\\u00f3w pobudowlanych, wyw\\u00f3z trawy, koparka, prace ziemne, roboty ziemne, transport ziemi, transport kruszywa, szambo, asenizacja\",\"breadcrumb\":{\"@id\":\"http:\/\/www.zabcia.com.pl\/?page_id=26#breadcrumb\"},\"inLanguage\":\"pl-PL\",\"potentialAction\":[{\"@type\":\"ReadAction\",\"target\":[\"http:\/\/www.zabcia.com.pl\/?page_id=26\"]}]},{\"@type\":\"BreadcrumbList\",\"@id\":\"http:\/\/www.zabcia.com.pl\/?page_id=26#breadcrumb\",\"itemListElement\":[{\"@type\":\"ListItem\",\"position\":1,\"name\":\"Strona g\\u0142\\u00f3wna\",\"item\":\"http:\/\/www.zabcia.com.pl\/\"},{\"@type\":\"ListItem\",\"position\":2,\"name\":\"Kontenerowy wyw\\u00f3z odpad\\u00f3w\"}]}]}<\/script>\n<!-- \/ Yoast SEO plugin. -->","yoast_head_json":{"title":"Wyw\u00f3z gruzu, szamba, \u015bciek\u00f3w, \u015bmieci, asenizacja Krak\u00f3w, Wieliczka, Niepo\u0142omice, Gd\u00f3w - \u017babcia","description":"Wyw\u00f3z nieczysto\u015bci p\u0142ynnych krak\u00f3w, czyszczenie kanalizacji Wieliczka, Wyw\u00f3z szamba gmina Krak\u00f3w, udra\u017cnianie kanalizacji Niepo\u0142omice, kontenerowy wyw\u00f3z gruzu, koparka Krak\u00f3w, Wieliczka, Niepo\u0142omice, Gd\u00f3w, wyw\u00f3z ziemi, wyw\u00f3z odpad\u00f3w pobudowlanych, wyw\u00f3z trawy, koparka, prace ziemne, roboty ziemne, transport ziemi, transport kruszywa, szambo, asenizacja","robots":{"index":"index","follow":"follow","max-snippet":"max-snippet:-1","max-image-preview":"max-image-preview:large","max-video-preview":"max-video-preview:-1"},"canonical":"http:\/\/www.zabcia.com.pl\/?page_id=26","og_locale":"pl_PL","og_type":"article","og_title":"Wyw\u00f3z gruzu, szamba, \u015bciek\u00f3w, \u015bmieci, asenizacja Krak\u00f3w, Wieliczka, Niepo\u0142omice, Gd\u00f3w - \u017babcia","og_description":"Wyw\u00f3z nieczysto\u015bci p\u0142ynnych krak\u00f3w, czyszczenie kanalizacji Wieliczka, Wyw\u00f3z szamba gmina Krak\u00f3w, udra\u017cnianie kanalizacji Niepo\u0142omice, kontenerowy wyw\u00f3z gruzu, koparka Krak\u00f3w, Wieliczka, Niepo\u0142omice, Gd\u00f3w, wyw\u00f3z ziemi, wyw\u00f3z odpad\u00f3w pobudowlanych, wyw\u00f3z trawy, koparka, prace ziemne, roboty ziemne, transport ziemi, transport kruszywa, szambo, asenizacja","og_url":"http:\/\/www.zabcia.com.pl\/?page_id=26","og_site_name":"Zabcia","article_modified_time":"2016-04-21T20:44:37+00:00","og_image":[{"url":"http:\/\/www.studiograf.home.pl\/zabcia4\/wp-content\/uploads\/2016\/04\/wew-12.jpg"}],"twitter_card":"summary","twitter_misc":{"Szacowany czas czytania":"1 minuta"},"schema":{"@context":"https:\/\/schema.org","@graph":[{"@type":"WebSite","@id":"http:\/\/www.zabcia.com.pl\/#website","url":"http:\/\/www.zabcia.com.pl\/","name":"Zabcia","description":"","potentialAction":[{"@type":"SearchAction","target":{"@type":"EntryPoint","urlTemplate":"http:\/\/www.zabcia.com.pl\/?s={search_term_string}"},"query-input":"required name=search_term_string"}],"inLanguage":"pl-PL"},{"@type":"ImageObject","@id":"http:\/\/www.zabcia.com.pl\/?page_id=26#primaryimage","inLanguage":"pl-PL","url":"http:\/\/www.studiograf.home.pl\/zabcia4\/wp-content\/uploads\/2016\/04\/wew-12.jpg","contentUrl":"http:\/\/www.studiograf.home.pl\/zabcia4\/wp-content\/uploads\/2016\/04\/wew-12.jpg"},{"@type":"WebPage","@id":"http:\/\/www.zabcia.com.pl\/?page_id=26#webpage","url":"http:\/\/www.zabcia.com.pl\/?page_id=26","name":"Wyw\u00f3z gruzu, szamba, \u015bciek\u00f3w, \u015bmieci, asenizacja Krak\u00f3w, Wieliczka, Niepo\u0142omice, Gd\u00f3w - \u017babcia","isPartOf":{"@id":"http:\/\/www.zabcia.com.pl\/#website"},"primaryImageOfPage":{"@id":"http:\/\/www.zabcia.com.pl\/?page_id=26#primaryimage"},"datePublished":"2016-04-02T15:26:52+00:00","dateModified":"2016-04-21T20:44:37+00:00","description":"Wyw\u00f3z nieczysto\u015bci p\u0142ynnych krak\u00f3w, czyszczenie kanalizacji Wieliczka, Wyw\u00f3z szamba gmina Krak\u00f3w, udra\u017cnianie kanalizacji Niepo\u0142omice, kontenerowy wyw\u00f3z gruzu, koparka Krak\u00f3w, Wieliczka, Niepo\u0142omice, Gd\u00f3w, wyw\u00f3z ziemi, wyw\u00f3z odpad\u00f3w pobudowlanych, wyw\u00f3z trawy, koparka, prace ziemne, roboty ziemne, transport ziemi, transport kruszywa, szambo, asenizacja","breadcrumb":{"@id":"http:\/\/www.zabcia.com.pl\/?page_id=26#breadcrumb"},"inLanguage":"pl-PL","potentialAction":[{"@type":"ReadAction","target":["http:\/\/www.zabcia.com.pl\/?page_id=26"]}]},{"@type":"BreadcrumbList","@id":"http:\/\/www.zabcia.com.pl\/?page_id=26#breadcrumb","itemListElement":[{"@type":"ListItem","position":1,"name":"Strona g\u0142\u00f3wna","item":"http:\/\/www.zabcia.com.pl\/"},{"@type":"ListItem","position":2,"name":"Kontenerowy wyw\u00f3z odpad\u00f3w"}]}]}},"_links":{"self":[{"href":"https:\/\/www.zabcia.com.pl\/index.php?rest_route=\/wp\/v2\/pages\/26"}],"collection":[{"href":"https:\/\/www.zabcia.com.pl\/index.php?rest_route=\/wp\/v2\/pages"}],"about":[{"href":"https:\/\/www.zabcia.com.pl\/index.php?rest_route=\/wp\/v2\/types\/page"}],"author":[{"embeddable":true,"href":"https:\/\/www.zabcia.com.pl\/index.php?rest_route=\/wp\/v2\/users\/1"}],"replies":[{"embeddable":true,"href":"https:\/\/www.zabcia.com.pl\/index.php?rest_route=%2Fwp%2Fv2%2Fcomments&post=26"}],"version-history":[{"count":7,"href":"https:\/\/www.zabcia.com.pl\/index.php?rest_route=\/wp\/v2\/pages\/26\/revisions"}],"predecessor-version":[{"id":111,"href":"https:\/\/www.zabcia.com.pl\/index.php?rest_route=\/wp\/v2\/pages\/26\/revisions\/111"}],"wp:attachment":[{"href":"https:\/\/www.zabcia.com.pl\/index.php?rest_route=%2Fwp%2Fv2%2Fmedia&parent=26"}],"curies":[{"name":"wp","href":"https:\/\/api.w.org\/{rel}","templated":true}]}}